est common divisor of p and 602.
14
Suppose 0 = 5*c - 11*c + 36. What is the greatest common factor of 21 and c?
3
Suppose -25 = -5*u + 30. Let s be 213/15 + (-2)/10. Suppose -4*f - s = -102. Calculate the highest common factor of f and u.
11
Let r be -3 - 1 - (0 - -2). Let z be 32 - (3 + (r - -3)). Let t = z + 120. Calculate the greatest common divisor of 19 and t.
19
Suppose -4*q + 246 = -h - 1256, q - 2*h = 372. Calculate the highest common factor of q and 470.
94
Let u(d) = d**2 - d - 4. Let h be u(3). Suppose 2*m = -0*m + 140. Suppose -h*f - 3*f + m = 0. What is the highest common divisor of f and 70?
14
Let t = 173 - 162. Let n = 12 + 10. Calculate the highest common divisor of t and n.
11
Let v(b) = 6*b**2 - 6*b + 9. Let y be v(2). Let f(j) = -116*j - 1. Let i be f(-2). What is the highest common divisor of y and i?
21
Let c = 172 + -161. What is the greatest common factor of c and 253?
11
Let b be 7 + 17 + 2 + -1. Let v(g) = -10*g**3 - g + 2. Let m be v(-3). Calculate the greatest common divisor of b and m.
25
Suppose -5*a - 22 = 2*k + 20, 2*k = 2*a - 70. Let r = k + 45. Let d = -9 - -16. Calculate the highest common factor of r and d.
7
Suppose -6*c + 476 + 508 = 0. What is the highest common divisor of 4 and c?
4
Suppose 294 = -50*s + 57*s. Calculate the highest common factor of s and 12.
6
Let c = 14 - 6. Suppose -c*g = -4*g. Suppose g*q = -3*q + 42. What is the highest common factor of q and 7?
7
Let t = -786 + 1027. Calculate the greatest common divisor of 1 and t.
1
Let b be 2/(-6) - ((-615)/9 - -3). Let m be 2082/13 - ((-40)/b)/(-4). What is the highest common divisor of 8 and m?
8
Suppose -36 - 160 = 2*z. Let t = z + 219. Calculate the highest common factor of 11 and t.
11
Let o(x) = x**3 - 15*x**2 + 20*x - 47. Let b be o(15). Let s be 1*(-2 + 3)/1*b. Calculate the greatest common divisor of 11 and s.
11
Let m be (-4)/(-12)*-3 - 1. Let k be (-38 + (-1)/(-1))*m. Suppose -5*l + 0*x = -x - 388, -l - x = -k. Calculate the highest common factor of 11 and l.
11
Let g = 1596 + -1580. Calculate the highest common divisor of 176 and g.
16
Suppose 3403 = 28*m - 2263 - 634. Let i = 34 - 9. Calculate the greatest common divisor of i and m.
25
Let r be 9/(-3) - (3 - 0). Let s(g) be the second derivative of -g**3/2 - 3*g**2/2 + 20*g. Let i be s(r). What is the highest common factor of 15 and i?
15
Let n = 42 + -30. Let v be (-1 - 0) + -93 + 8/(-4). Let i = v + 132. Calculate the greatest common factor of i and n.
12
Let g be 4/(-3) + 1708/84. What is the highest common divisor of 1843 and g?
19
Let l(c) = 26*c**2 - c. Let b be l(3). Suppose 3*s = 156 - 3. Let x = s + -30. What is the greatest common factor of b and x?
21
Suppose 0 = 3*k - 2*k - 12. What is the greatest common factor of 39 and k?
3
Suppose 0*j = -4*j - 3*z + 1664, 5*z = -4*j + 1664. What is the greatest common factor of j and 128?
32
Let q be (496/186)/(2/42). Calculate the greatest common divisor of 896 and q.
56
Let t(o) = -o**3 - 5*o**2 - o - 14. Let u be t(-6). What is the highest common divisor of 364 and u?
28
Let n be ((-35)/7 + -34)/(1/(-7)). What is the highest common divisor of 21 and n?
21
Let c = 15 - 11. Let y(w) = -w**3 - 4*w**2 + 4*w - 4. Let u be y(-6). Suppose -u = -0*o - o. What is the greatest common factor of c and o?
4
Suppose 218 = 2*g - 70. Let i be ((-30)/4)/((-15)/20). Suppose j - i - 8 = 0. Calculate the highest common divisor of j and g.
18
Let y = 244 - 177. Calculate the greatest common factor of y and 603.
67
Let n(p) = p**2 - 28*p + 56. Let j be n(26). What is the greatest common factor of j and 100?
4
Let g be ((-150)/(-15))/((-15)/(-12)) + -5. Calculate the highest common divisor of g and 879.
3
Suppose -406 = w - 15*w. What is the highest common factor of w and 203?
29
Suppose 3*k + 87 = 3*y, 2*y = -3*k + 8*k + 73. What is the greatest common divisor of y and 6?
6
Suppose -5*f - 3*d = d + 19, 0 = d - 4. Let s(v) = 2*v**3 + 15*v**2 + 6*v + 1. Let r be s(f). Calculate the highest common divisor of r and 32.
8
Let s(u) = u**2 - 18*u + 13. Let w be s(18). Calculate the highest common divisor of 13 and w.
13
Suppose 0 = -5*j - 6*x + 4*x + 2016, 2*x - 400 = -j. Calculate the highest common divisor of j and 303.
101
Let n(z) = -82*z - 52. Let v be n(-9). Suppose -6*c = -2126 + v. What is the greatest common factor of c and 30?
30
Let c = 1028 + -1008. What is the highest common factor of c and 340?
20
Suppose -204 = -18*i + 6*i. Let z be 34*((-54)/(-20) - (-5)/(-25)). What is the greatest common divisor of z and i?
17
Suppose 4*f - f + 6 = 2*q, q + f - 13 = 0. Calculate the greatest common divisor of q and 51.
3
Let x be (-2)/3 + 78/9. Let v be 1/2*(-10 + x) - -8. What is the greatest common divisor of v and 7?
7
Let y be (-2135)/14*22/(-5). What is the greatest common divisor of y and 22?
11
Let y(h) = -h**2 + 10*h - 5. Let i be y(9). Suppose 21 = u - 4*p, -u = -2*u + 5*p + 26. Calculate the highest common factor of u and i.
1
Suppose -4*n + 3196 - 501 = 5*b, 1 = -b. Calculate the highest common factor of n and 27.
27
Let l = 16 + -7. Suppose -7*s + 288 = -3*s + 3*p, 0 = -2*s + 5*p + 144. What is the greatest common divisor of s and l?
9
Let t(k) = -k - 9. Let z be t(-9). Let p be 6 - (z - (4 + -1)). What is the greatest common factor of p and 9?
9
Suppose 14*z = 5087 - 999. Calculate the highest common divisor of z and 511.
73
Let g(h) = -h**3 - 14*h**2 - 13*h + 2. Let m be g(-13). Suppose 0 = 3*x - 5*b + 4 + 2, -m*x - 3*b + 15 = 0. What is the greatest common factor of x and 18?
3
Let q be (1064/3 - 4) + 14/(-21). Calculate the highest common factor of q and 28.
14
Let y be ((-1)/6*4)/((-12)/90). What is the highest common factor of y and 245?
5
Let l be (5*(-17)/85)/(2/(-10)). What is the greatest common factor of l and 45?
5
Suppose 4*j + 33 = p, -3*j = 8*p - 13*p + 80. Calculate the greatest common factor of p and 351.
13
Suppose 635 = 4*x + 5*a, 0*x - 2*x + 5*a = -325. Calculate the greatest common factor of x and 10.
10
Let q = 6 + -5. Let m be 103 - (2/q)/2. Suppose -3*f - 4*t - 9 + m = 0, 0 = 4*f + 2*t - 134. Calculate the highest common factor of 5 and f.
5
Suppose 3*b - 5*y = -b + 33, 0 = -5*b + y + 36. Let q(g) = 2*g**2 - 10*g - 1. Let i be q(b). Let l = 39 - i. Calculate the highest common divisor of 12 and l.
12
Let r be (-2 + 790/15)/((-4)/(-6)). Suppose -4*t + r = 2*g + 2*g, 5*g + 5 = 0. Let n = -3 - -8. What is the highest common divisor of t and n?
5
Let d be 0/(2 + (-8)/2). Suppose d*b - b = -j - 376, 0 = 5*b + j - 1856. Let u be b/6 - -1*4. What is the greatest common factor of 11 and u?
11
Let k = 35 + -24. Suppose 3*l - 171 - 27 = 0. Calculate the greatest common factor of k and l.
11
Let n = -1 - -3. Suppose -n*a - v + 57 = -a, -279 = -5*a - 3*v. Suppose -459 = 46*z - 1287. What is the highest common factor of a and z?
18
Let t(x) = -5*x**3 - 9*x**2 - 3*x + 15. Let n(q) = -q**3 - q. Let w(u) = -4*n(u) + t(u). Let l be w(-9). What is the highest common factor of l and 27?
3
Suppose -2*s + 1 + 17 = 0. Let n(z) = 17*z**2 + 29*z + 78. Let g be n(-3). Calculate the highest common factor of g and s.
9
Suppose -2*x = -4*p + 3*x + 96, -3*p = 4*x - 72. Suppose 4*s - 3*s + 12 = -h, -5*h = 3*s + 60. Let a = h - -18. What is the greatest common divisor of p and a?
6
Suppose 2*m + 195 = 3*d - m, -3*d + 5*m = -185. Let r be (4 + -2 - 1)*6. Suppose -d = -r*s + 2. Calculate the greatest common divisor of 108 and s.
12
Let t(q) = -q**3 + 17*q**2 - 32*q + 38. Let h be t(15). What is the greatest common factor of 168 and h?
8
Suppose -o - 3*o = -912. Suppose -2*y = -6*y + o. Suppose 69 = r - y. What is the greatest common factor of 18 and r?
18
Let u be ((-711)/6)/3*(-4 + 2). Let w = u - -20. What is the highest common divisor of w and 9?
9
Let y be 2/5 - (-84)/15. Suppose 2*f = 10, 10*v - 10 = 13*v - 2*f. Suppose v = -4*z + 182 - 174. What is the greatest common factor of y and z?
2
Let p be ((-9)/6)/((-6)/296). Let l = p - 58. Calculate the greatest common factor of 64 and l.
16
Suppose -5*p - 72 = -2*p. Let c = 28 + p. Suppose -4*d = -2*o + 156, 300 = 9*o - 5*o - c*d. Calculate the highest common divisor of 48 and o.
24
Let z be -9 + 15 + -10 + 142. Calculate the highest common divisor of 24 and z.
6
Suppose 3*y + 9529 = 4*q - 914, -2*y